1 is divided by g(4).
5
Suppose 68 = -4*o - 0*o. Let t = 48 + o. Calculate the remainder when t is divided by 16.
15
Let h(g) = g**3 - 4*g**2 + 8*g - 9. What is the remainder when h(4) is divided by 7?
2
Let r = 358 + -251. Calculate the remainder when r is divided by 11.
8
Suppose 5*m + 46 = 2*g, -m - 16 = 3*m. Suppose 0 = 2*p + 2 - 10. Suppose 13 = -u - 5*d, p*d - 2 = -u - 11. Calculate the remainder when g is divided by u.
6
Suppose -7*p = x - 3*p - 73, 0 = x + 5*p - 72. Let m(u) = 4*u. What is the remainder when x is divided by m(5)?
17
Suppose -5*a + 1 = -9, -4*t + 38 = -3*a. Suppose 0*v = v + 5*b - 11, 3*v + 2*b - 59 = 0. What is the remainder when v is divided by t?
10
Suppose -h - 5 + 1 = 0. Let l(i) = -2*i - 5. What is the remainder when 7 is divided by l(h)?
1
Let q be 17 + 2/1 + 0. Let p = q + 12. What is the remainder when p is divided by 16?
15
Let h = 10 + -1. Suppose -o + 8 + h = 0. Suppose 0 = -2*l + o + 1. Calculate the remainder when 17 is divided by l.
8
Let v(b) = -b - 3. Let j be v(-4). Let s be 2/6*(j - -2). Suppose -10 = -q + s. What is the remainder when 20 is divided by q?
9
Let h(b) = b**2 + 2*b - 3. Let d(n) = -3*n**3 + n**2 - n. Let a be d(1). Calculate the remainder when a/((-6)/23)*2 is divided by h(-5).
11
Let c(w) be the first derivative of w**2 + w - 4. Let j be c(-2). What is the remainder when 12 is divided by 3 + -2 - j*2?
5
Suppose 3*u - 147 = -0*u. Let r(y) = -y**2 - 9*y + 3. Let g(b) = b - 1. Let v be g(-6). Calculate the remainder when u is divided by r(v).
15
Let g be -24 - ((-1 - -2) + 1). Let m = g + 52. What is the remainder when m is divided by 14?
12
Let h(m) = -2*m**2 + 17*m + 8. Calculate the remainder when 46 is divided by h(8).
14
Suppose 3*d - 3*w = -9, -5*d + w = 2*w - 15. Suppose d*p + p - 147 = 0. What is the remainder when p is divided by 26?
23
Let n(w) = w + 20. Calculate the remainder when n(4) is divided by 13.
11
Let d be (-1)/(2/(1 + -3)). Suppose y - 5 + d = 0. Suppose y*a - 3*z = 27, z + 4 = 3. Calculate the remainder when a is divided by 4.
2
Suppose -17 = 2*y - 3*y. Let z(w) = 14*w**2 - 4*w. Calculate the remainder when z(2) is divided by y.
14
Suppose -146 = -8*z + 38. What is the remainder when z is divided by 8?
7
Let p(h) = 2*h**2 - h + 2. Let k(j) = j**3 - 5*j**2 - 6*j + 5. Suppose 0 = -3*g - g + 24. Calculate the remainder when p(2) is divided by k(g).
3
Suppose -z - 63 = -78. What is the remainder when 71 is divided by z?
11
Suppose -5*s = -20, -2*y + s - 156 = -3*y. What is the remainder when y is divided by 51?
50
Suppose 4*b - 51 = 3*q, 2*q + 47 = 3*b - 2*q. Let y(h) = -5*h - 1. What is the remainder when y(-7) is divided by b?
7
Suppose -u + 4 = u. Let i(c) = 2*c**3 + 2*c**2 - 3*c - 3. Let q be i(-2). Let r = q + 10. What is the remainder when r is divided by u?
1
Calculate the remainder when 1215/20 + (-2)/(-8) is divided by 16.
13
Calculate the remainder when 50/4*72/10 is divided by 13.
12
Suppose -3*x - 1 = 5. Let p be x/5 + 86/(-10). Let w = p - -16. Calculate the remainder when 20 is divided by w.
6
Let v = -79 + 44. Let c(i) = -i**3 - 2*i**2 + 1. Let g be c(-1). Let r = g - v. What is the remainder when r is divided by 9?
8
Let w(r) = 3*r**2 + 8*r + 6. Calculate the remainder when w(-4) is divided by 12.
10
Let q = -17 - -33. Suppose 2*t = -3*t + 495. Suppose -t = -5*g + 56. Calculate the remainder when g is divided by q.
15
Suppose -3*o + 5*f = 25, -3*o + 0*f - 5*f + 25 = 0. Let w = 2 + o. Suppose -5 = 2*x + 3*x - 5*n, n - 10 = -2*x. Calculate the remainder when x is divided by w.
1
Let f(b) = -b**3 + 7*b**2 + 4. What is the remainder when 7 is divided by f(7)?
3
Suppose -2*h + w - 5 = 0, -5*h - 9 = -6*w + 7*w. What is the remainder when (2 - h)*(11 + -1) is divided by 11?
7
Let v(n) = -n + 14. Let q be v(6). What is the remainder when 41 - q/((-8)/4) is divided by 12?
9
Let d = 7 + -3. Suppose d = -4*b - 0. Let r = 18 + b. What is the remainder when r is divided by 6?
5
Let g(m) = -m**3 + 3*m**2 + 6*m - 3. Let a be g(4). Suppose b = a*n + 3, -n = 4*b + 4*n - 87. Calculate the remainder when b is divided by 5.
3
Let o be ((-2)/4)/(2/(-8)). Let g = o - -14. What is the remainder when 63 is divided by g?
15
Suppose -4 - 4 = -4*f. Suppose -10 = -f*n + 12. Calculate the remainder when 21 is divided by n.
10
Let v = 15 - 11. Calculate the remainder when 37 + 0/v + 2 is divided by 9 + 2/(0 - -2).
9
Let t(h) = -3*h + 13. Let v = 2 + 1. What is the remainder when v is divided by t(4)?
0
Suppose -4*f + 11 = -2*k - 7, -5*f = -5*k - 10. What is the remainder when 12 is divided by f?
5
Calculate the remainder when 6 is divided by -2 - (2 + -4 - 2).
0
Let g = -3 + 17. What is the remainder when 27 is divided by g?
13
Let f be 3 - 1*(-6 - -3). Suppose o + 95 = f*o. Calculate the remainder when 37 is divided by o.
18
Suppose -3*x - 65 = -164. Suppose -t + x = 12. What is the remainder when t is divided by 11?
10
Let p(o) = 16*o + 8 - 9*o**2 + 0*o + 10*o**2. Calculate the remainder when 21 is divided by p(-16).
5
Suppose -12 = -6*s + 78. What is the remainder when 42 is divided by s?
12
Suppose 0 = -6*y + 2*y - 4. Calculate the remainder when (-43)/(-3)*(-14 - -17) is divided by 3/3 - (y + -13).
13
Let f = 1 + -35. Let s = 1 - f. Calculate the remainder when s is divided by 12.
11
What is the remainder when (-3)/(-7) + 1945/35 is divided by 15?
11
Suppose -3*o + 5*o - 42 = 0. Suppose 4*g = g + o. Calculate the remainder when 12 is divided by g.
5
Let m(q) = q**3 - 11*q**2 + 9*q - 7. Let c be m(10). Let r = 46 + c. Let l = -16 - -31. Calculate the remainder when r is divided by l.
14
Let p = 11 + -19. Let c = 22 + p. Calculate the remainder when 39 is divided by c.
11
Let v = -1 - 1. Let n be (v - -2)/(-1 - 0). Suppose h + n = 2. What is the remainder when 4 is divided by h?
0
Suppose -l - 5*n = -22, -2*l + 4*l - 23 = -3*n. Let i = 7 + -9. What is the remainder when -1*1*(i + -17) is divided by l?
5
Let f(x) = 2*x + 14. Let i(d) = d + 7. Let o(h) = -4*f(h) + 9*i(h). What is the remainder when 7 is divided by o(-5)?
1
Suppose -z + 25 = 4*z. Suppose z*s = 0, -c - 5*s = 9 - 2. Let q = 11 + c. Calculate the remainder when 9 is divided by q.
1
Suppose -2*b + 2*n = 6*n - 22, -b = -5*n - 25. Suppose -k = -4*k + b. What is the remainder when 13 is divided by k?
3
Suppose 1 - 2 = -k - u, -u - 5 = -2*k. Suppose -2*m - 4*d + 12 = 0, k*m + 5 = -3*d + 12. Calculate the remainder when (m/6)/((-2)/3) is divided by 1.
0
Suppose 4*n = -9 + 1. Suppose 4*t - 47 = -3. Calculate the remainder when t is divided by -2*5/n + 1.
5
Let c(x) = 4*x**2 - 5*x + 4. What is the remainder when 3 is divided by c(1)?
0
Let v be 38/4 + (-12)/8. Suppose -v*u + 32 = -7*u. What is the remainder when u is divided by 17?
15
Suppose 0 = -0*q + 2*q + 12. Suppose 2*w - 22 = 2*l - 6*l, -4*l + 16 = -4*w. What is the remainder when l is divided by (-16)/q - 2/3?
1
Calculate the remainder when (-6)/4 - 497/(-14) is divided by 18.
16
Let j = 13 - -5. Calculate the remainder when 52 is divided by j.
16
Let t = -43 - -73. What is the remainder when 177 is divided by t?
27
Let m = -110 + 139. What is the remainder when 142 is divided by m?
26
Let u(x) be the first derivative of 3*x**2/2 - 6*x + 1. What is the remainder when 22 is divided by u(6)?
10
Let v(x) be the third derivative of -x**6/120 - 7*x**5/60 - 7*x**4/24 - 2*x**3/3 + 2*x**2. Calculate the remainder when 2 is divided by v(-6).
0
Let t = 31 + -18. Suppose -4*s + 2*a = a - 103, 3*a - 91 = -4*s. Calculate the remainder when s is divided by t.
12
Let u(d) = d**2 + 12*d - 13. What is the remainder when 34 is divided by u(-14)?
4
Suppose -4*p = 2*k - 218, 19 = -4*k - 1. What is the remainder when p is divided by 29?
28
Let q(y) = 4*y**3 - y + 1. Suppose -6 = -4*i + 34. What is the remainder when i is divided by q(1)?
2
Let t(u) = 11*u. Suppose -6 = -4*f + 10. Let n = 0 + f. What is the remainder when t(n) is divided by 23?
21
Let f be (-2)/(-4) - 534/(-12). Suppose -4*y + 7*y - f = 0. Calculate the remainder when 58 is divided by y.
13
Suppose 0 = -16*u + 28*u - 2412. Calculate the remainder when u is divided by 34.
31
Suppose -4*i - 57 = -3*q, -6*q - 5*i + 57 = -3*q. Suppose -u = -2 - q. Calculate the remainder when (u/(-2))/(9/(-24)) is divided by 15.
13
Let s = 29